-2620, 6*k = 2*k - 3*g + j. What is the units digit of k?
9
Suppose 19402 = 656*d - 654*d + 4*i, i = 4*d - 38813. What is the hundreds digit of d?
7
Let a be (-40)/(-70) - (960/21)/(-4). Suppose -2645 = -a*r + 931. What is the tens digit of r?
9
Let w be (-1)/4 - 6/(-24). Suppose w = -0*r + r - 6*r. Suppose 2*z - q + 2*q - 60 = r, 4*q + 12 = z. What is the tens digit of z?
2
Let y = 6972 + 2028. What is the hundreds digit of y?
0
Let r(z) = -3*z + 21. Let j be r(10). Let g(n) = 2*n**2 + 19*n + 12. Let q be g(j). Suppose -c - 3*i + 51 = i, q*c - 2*i = 167. What is the tens digit of c?
5
Let q(c) = -30*c + 185. Let o be q(6). Suppose -4149 = -3*r - t, -o*r + 12*t + 6904 = 10*t. What is the units digit of r?
2
Let f = 4421 + 7454. What is the thousands digit of f?
1
Suppose 0 = -2*c + 5*b + 10, 3*b = 5*c - 2*b - 10. Suppose c = -14*x + 3*x + 1331. Suppose -2*n + 251 = -x. What is the hundreds digit of n?
1
Let k(m) = m**3 + 16*m**2 - 48*m - 34. Let b be k(-14). Suppose 0 = 5*q + w - 2581, -32*q + 34*q = 2*w + b. What is the tens digit of q?
1
Let r(n) = 28*n**2 - 14*n + 61. Let f be r(4). Suppose 5*d - 1885 - 1445 = 0. Let w = d - f. What is the tens digit of w?
1
Let h be (392/(-35))/(2/(-30)*2). Let r = 268 - h. What is the tens digit of r?
8
Let d = 16285 - 15133. What is the tens digit of d?
5
Let k(z) = -z**3 + 35*z**2 - 61*z + 73. Let b(n) = -n**2 + 16*n - 22. Let o be b(11). What is the tens digit of k(o)?
3
Suppose 1 = 2*b - 3*y, 4*y + 1 = 5. Suppose -9 = b*x - 13. Suppose -x*o - 22 = -4*u + 10, -o = u - 11. What is the units digit of u?
9
Let a = -15 + 217. Let s = a - 181. What is the units digit of s?
1
Let x(c) = -c**2 - 3*c + 3. Let b be x(-2). Suppose 4*a = b*n - 1688, 0 = -4*n - n - 3*a + 1709. What is the hundreds digit of n?
3
Suppose 0 = -36*p + 3*p - p + 418710. What is the units digit of p?
5
Suppose -5*o = 64 - 29, -4*g + 111337 = o. What is the thousands digit of g?
7
Let b be -15 + -5 + (-3)/(-1). Let t(f) = 9*f + 9. Let z be t(b). Let c = -97 - z. What is the units digit of c?
7
What is the tens digit of ((-15)/(-9))/(2/(-365)*100/(-4680))?
3
Let l = -2457 + 6770. What is the hundreds digit of l?
3
Let m = 11235 - -16466. What is the tens digit of m?
0
Suppose 5*q + 4*l - 206 = 3162, q - 4*l = 664. Suppose 0 = -8*w + w - q. Let x = -14 - w. What is the tens digit of x?
8
Suppose 4*v + 6534 - 90264 = 10994. What is the ten thousands digit of v?
2
Suppose 26*x - 21*x = 5. Suppose 12*n + 2 = 14. What is the units digit of (n + -3 + x)/((-2)/382)?
1
Let z be (5 + 21/(-3))/((-1)/(-22)). What is the tens digit of (-22)/z*(1 - -207)?
0
Let y = -274 + 276. What is the units digit of -1 + -5 + 3 + y + 147?
6
Suppose -13 = -7*y - 41. Let g be 12463/143 - y/(-26). Suppose 61*o = 60*o + g. What is the tens digit of o?
8
Let v(b) = -30*b - 1. Let s(k) = 31*k. Let d(u) = 5*s(u) + 4*v(u). Let j(h) = h + 7. Let f be j(-4). What is the hundreds digit of d(f)?
1
Let i(a) = -a**3 - 2*a**2 - 3*a - 3. Let o be i(-2). Suppose 2*k + o*f - 16 = 0, -3*k + 25 + 0 = 5*f. Suppose -t = -k*t + 224. What is the units digit of t?
6
Let s = -529 - -477. What is the units digit of 6 - 13/(s/5196)?
5
Let l(d) = -d**2 - 18*d - 33. Let z be l(-15). Suppose -4 = 4*q - z. Suppose 0 = -f + q*a - 6*a + 123, 5*f - 570 = -5*a. What is the units digit of f?
1
Suppose 0 = 4*u + 2*l - 0*l - 20, -2*u + 3*l = 6. Suppose u*s = s + 728. Suppose -4*r + 486 = -2*d, -2*r + 5*d - 141 = -s. What is the units digit of r?
4
Let i = -40258 - -67969. What is the tens digit of i?
1
Let a(l) = 1207*l + 1052. What is the thousands digit of a(12)?
5
Let j(h) = -h**3 + h**2 - h - 4. Let d be j(0). What is the units digit of 132/18 + d/12?
7
Let x be 56/(-12)*(-2)/(8/6). Let d be (1/x - 5/35)/(-2). Suppose -6*l + 142 + 104 = d. What is the units digit of l?
1
Suppose 7*m - 6 = m. Suppose m = 2*z - 3. Let u(j) = 24*j**2 + 3*j. What is the units digit of u(z)?
2
Let w(d) = -d**2 - 7*d + 65. Let a be w(-12). Suppose -447 = -2*k + g, -7*g + 4*g + 1123 = a*k. What is the hundreds digit of k?
2
Let s(v) = 63*v**2 + v - 1. Let m be (45/(-24)*-4)/(1/(-2)). Let a(r) = r**2 + 16*r + 14. Let i be a(m). What is the units digit of s(i)?
1
Let g(m) = 5*m + 7. Let p be g(-2). Let v be p*((-465)/9 - -5). Suppose -v*a - 265 = -145*a. What is the tens digit of a?
5
Let y(h) = 2*h**3 + 10*h**2 - 2*h - 16. Let x be y(-5). What is the units digit of ((-1611)/x)/((-24)/(-48))?
7
Let c = 3861 - 566. What is the thousands digit of c?
3
Suppose 27997 = 53*a - 86695. What is the units digit of a?
4
Let p(i) = 2*i**3 - 20*i**2 - i - 76. Let n be p(20). Suppose 10*a + 9*a - n = 0. What is the units digit of a?
6
Suppose -3*i + h = -100, 4*i - h - 83 = 49. Let x be i/40*15/6. Suppose x*p - 1 = 291. What is the units digit of p?
6
Let k(h) = -171*h**2 + 172*h**2 + 7*h + 2*h + 3*h + 41. Let t(i) = -2*i - 1. Let u be t(9). What is the units digit of k(u)?
4
Let r = 59722 + -42153. What is the ten thousands digit of r?
1
Suppose 0 = -6*s - 4908 + 462. Let n = s - -1197. What is the units digit of n?
6
Suppose 31664*t - 31649*t - 1035 = 0. What is the tens digit of t?
6
Let b(q) = 205*q**3 + 9*q**2 - 3 + 8 - 204*q**3 + 11 - 3*q. Let a be b(-7). Suppose -a = 2*k - 3*k. What is the hundreds digit of k?
1
Let g(c) = 848*c**2 - 2*c + 22. What is the tens digit of g(-3)?
6
Let b = 5366 + -2051. Suppose -5*d + 5*t + b = 0, -3*d - 799 = -4*t - 2783. What is the hundreds digit of d?
6
Let o = 557 + -545. Suppose -409 = o*t - 10909. What is the hundreds digit of t?
8
Let k = 1474 - 913. Let s = k - 1063. Let g = -329 - s. What is the tens digit of g?
7
Let v(m) = -m - 6. Suppose -13 = 6*k + 23. Let z be v(k). Suppose -5*g - 10 + 305 = z. What is the units digit of g?
9
Suppose 147*l - 825763 = 5560211. What is the thousands digit of l?
3
Let u = 3396 + -2666. What is the hundreds digit of u?
7
Let a(d) = -25*d**2 + 45*d**2 + 135*d**2 - 17*d + 25. What is the units digit of a(2)?
1
Suppose -a + 6959 = 5*l, -3*l = -a - 3232 - 945. Let r = l + -637. What is the hundreds digit of r?
7
Suppose 0 = 214*q - 209*q + 3*g - 134824, -5*g = -5*q + 134880. What is the thousands digit of q?
6
Suppose 56*i = -62*i + 1681972. What is the units digit of i?
4
Let t be ((-750)/9)/(2 + 66/(-36)). What is the hundreds digit of (t/(-12) + -2)*39 - -4?
5
Suppose -18*m = -451 + 109. Let j(w) = 8*w - 59. What is the units digit of j(m)?
3
Let u = 24 + -17. Suppose u = -5*c + 27. Suppose c*i = -6 + 354. What is the tens digit of i?
8
Let r = 13545 + -4727. What is the thousands digit of r?
8
Let n(w) = -w**3 - 103*w**2 + 1659*w + 408. What is the thousands digit of n(-118)?
3
Suppose 696*t - 160679 = 655*t. What is the thousands digit of t?
3
Let h = 115005 - 63173. What is the units digit of h?
2
What is the thousands digit of 1 + (21548 - -2) + 0/9?
1
Suppose 238*z - 42 = 245*z. Let g = 2051 - z. What is the thousands digit of g?
2
Suppose 9*c = 2*c - 308. Let f(k) = 127*k**2. Let x be f(1). Let a = c + x. What is the units digit of a?
3
Suppose 3*b + 3*q - 105363 = 0, 3*b + 94*q = 93*q + 105353. What is the ten thousands digit of b?
3
Suppose 0 = 875*p - 781*p - 581860. What is the hundreds digit of p?
1
What is the thousands digit of (5 - (-16)/(-4))/(((-6)/17469)/(-2))?
5
Let b be ((-2)/(8 + -2))/((-6)/(-126)). Let c be 4/(-14)*-6*2*b. Let j = 64 - c. What is the units digit of j?
8
Let z be (0 - 4)*-1*(-10)/4. Let k be 50/z*(-201)/5. Let q = k - 115. What is the units digit of q?
6
Suppose 26069 = 4*w + l, -4*w + 4*l - l = -26097. What is the tens digit of w?
1
Let k(j) = -2*j**3 + 16*j**2 - 20*j - 207. What is the hundreds digit of k(-18)?
0
Let q(y) = 4*y**2 - 20*y + 64. Let a be q(12). Let u = 619 - a. What is the units digit of u?
9
Suppose -22*y + 60 = -25*y. What is the tens digit of (-3)/(8 + y) + (-12140)/(-16)?
5
Suppose -4*v - 66*b + 63*b = -172322, -3*v + 129237 = 3*b. What is the units digit of v?
5
Let x(p) = -240*p + 145. What is the hundreds digit of x(-22)?
4
Let m = -2787 + 9708. What is the tens digit of m?
2
Let q = 22304 - 12786. What is the hundreds digit of q?
5
Let m(p) = 53*p**2 - 46*p - 318. What is the tens digit of m(-9)?
8
Suppose 12*u - 28613 - 19567 = 0. Suppose -6*z = -z - u. What is the tens digit of z?
0
Let r 